, 104639
What are the prime factors of 19053774?
2, 3, 1058543
List the prime factors of 891204523.
11, 31, 2613503
What are the prime factors of 290030323?
11, 26366393
What are the prime factors of 229985399?
7, 29, 1132933
What are the prime factors of 592235707?
7, 12086443
What are the prime factors of 438472223?
7, 7717, 8117
What are the prime factors of 3090693243?
3, 11, 5827, 16073
What are the prime factors of 19320785?
5, 11, 351287
What are the prime factors of 539180857?
17, 2081, 15241
What are the prime factors of 118445563?
19, 1117, 5581
List the prime factors of 2731592289.
3, 157, 281, 20639
List the prime factors of 260025166.
2, 17, 23, 332513
What are the prime factors of 474971232?
2, 3, 4947617
What are the prime factors of 92100719?
41, 2246359
What are the prime factors of 91332492?
2, 3, 7611041
What are the prime factors of 459500508?
2, 3, 12763903
List the prime factors of 765663308.
2, 269, 711583
What are the prime factors of 73471035?
3, 5, 11, 445279
List the prime factors of 38224509.
3, 12741503
List the prime factors of 102831826.
2, 51415913
What are the prime factors of 1529818?
2, 131, 5839
List the prime factors of 22248989.
7, 454061
What are the prime factors of 213010640?
2, 5, 1123, 2371
List the prime factors of 1796440820.
2, 5, 89822041
What are the prime factors of 17627587?
17627587
List the prime factors of 521992254.
2, 3, 7, 547, 22721
List the prime factors of 2676923978.
2, 43, 1279, 24337
List the prime factors of 1113471978.
2, 3, 79, 2349097
What are the prime factors of 281900313?
3, 47, 666431
What are the prime factors of 624607460?
2, 5, 31230373
What are the prime factors of 984402406?
2, 13, 37861631
List the prime factors of 516763031.
22153, 23327
List the prime factors of 60374312.
2, 7546789
List the prime factors of 10404816.
2, 3, 17, 41, 311
What are the prime factors of 186946427?
4091, 45697
What are the prime factors of 328658206?
2, 164329103
What are the prime factors of 925454156?
2, 11, 2011, 10459
List the prime factors of 369825618.
2, 3, 61637603
What are the prime factors of 1403302391?
1403302391
What are the prime factors of 4718268743?
4718268743
List the prime factors of 1469594630.
2, 5, 7, 20994209
List the prime factors of 847389076.
2, 79, 2681611
List the prime factors of 4792964827.
7, 173, 3957857
What are the prime factors of 1356293482?
2, 678146741
What are the prime factors of 72947160?
2, 3, 5, 11, 13, 109
List the prime factors of 2734964724.
2, 3, 53, 4300259
List the prime factors of 67211744.
2, 17, 123551
List the prime factors of 275527435.
5, 151, 364937
What are the prime factors of 5276702279?
29, 1601, 3919
What are the prime factors of 2190389488?
2, 7, 29, 617, 1093
List the prime factors of 325315689.
3, 17, 41, 155579
List the prime factors of 2579672166.
2, 3, 429945361
List the prime factors of 155770422.
2, 3, 17, 89833
List the prime factors of 142206441.
3, 13, 3646319
What are the prime factors of 5858788883?
23279, 251677
What are the prime factors of 910293468?
2, 3, 7, 10836827
What are the prime factors of 113332705?
5, 22666541
What are the prime factors of 34458061?
11, 29, 109, 991
List the prime factors of 466606523.
466606523
List the prime factors of 529997903.
529997903
What are the prime factors of 149227826?
2, 11, 6783083
List the prime factors of 850294210.
2, 5, 29, 127, 23087
List the prime factors of 54819387.
3, 7, 197, 631
What are the prime factors of 40617345?
3, 5, 19, 53, 2689
List the prime factors of 1180901032.
2, 467, 316087
List the prime factors of 225927269.
225927269
What are the prime factors of 1154344353?
3, 17, 2293, 9871
What are the prime factors of 945292666?
2, 472646333
What are the prime factors of 406041034?
2, 7, 23, 37, 173, 197
What are the prime factors of 249069839?
17, 14651167
What are the prime factors of 605957168?
2, 71, 533413
List the prime factors of 488551.
7, 71, 983
List the prime factors of 7654356450.
2, 3, 5, 13, 100649
What are the prime factors of 1005886527?
3, 47, 797, 8951
List the prime factors of 1736901089.
7, 11, 29, 111119
What are the prime factors of 4211640?
2, 3, 5, 11699
What are the prime factors of 201007530?
2, 3, 5, 2233417
What are the prime factors of 4342228854?
2, 3, 723704809
What are the prime factors of 132025779?
3, 881, 16651
What are the prime factors of 2390982097?
7, 19, 2568187
What are the prime factors of 52189325?
5, 1213, 1721
What are the prime factors of 27048514?
2, 19, 523, 1361
List the prime factors of 286889131.
286889131
List the prime factors of 393620192.
2, 7, 1757233
List the prime factors of 77882354.
2, 11, 31, 114197
What are the prime factors of 111160552?
2, 17, 817357
What are the prime factors of 1845456738?
2, 3, 19, 331, 48907
List the prime factors of 357541820.
2, 5, 17877091
List the prime factors of 9687951.
3, 7, 13, 3943
List the prime factors of 2685085695.
3, 5, 41, 293, 4967
What are the prime factors of 408292815?
3, 5, 7, 3888503
What are the prime factors of 5675302468?
2, 11, 128984147
What are the prime factors of 392673904?
2, 7, 103, 34039
What are the prime factors of 3160377199?
7, 451482457
What are the prime factors of 2567547755?
5, 513509551
List the prime factors of 2260118493.
3, 251124277
What are the prime factors of 460827267?
3, 37, 181, 22937
What are the prime factors of 1149864?
2, 3, 47911
What are the prime factors of 75757076?
2, 449, 42181
List the prime factors of 103855513.
199, 521887
What are the prime factors of 173842963?
7, 24834709
List the prime factors of 2183303518.
2, 11, 53, 1872473
List the prime factors of 57991431.
3, 19330477
What are the prime factors of 840415959?
3, 131, 237607
What are the prime factors of 221049604?
2, 61, 877, 1033
What are the prime factors of 2408920152?
2, 3, 100371673
What are the prime factors of 698019252?
2, 3, 7, 17, 167, 2927
What are the prime factors of 641955565?
5, 19, 6757427
What are the prime factors of 251977096?
2, 7, 4499591
List the prime factors of 102177986.
2, 41, 1246073
What are the prime factors of 58894754?
2, 857, 34361
List the prime factors of 254101568.
2, 7, 577, 983
List the prime factors of 244600111.
7, 4991839
What are the prime factors of 30428960?
2, 5, 190181
List the prime factors of 452184475.
5, 283, 63913
What are the prime factors of 28985981?
47, 616723
What are the prime factors of 4458665128?
2, 277, 2012033
List the prime factors of 646831077.
3, 37, 5827307
List the prime factors of 14260032.
2, 3, 19, 1303
What are the prime factors of 8438579?
17, 41, 12107
List the prime factors of 88593808.
2, 19, 113, 2579
List the prime factors of 94176677.
7, 137, 14029
List the prime factors of 1563509914.
2, 439, 601, 2963
List the prime factors of 679722048.
2, 3, 1180073
What are the prime factors of 67466218?
2, 83, 406423
List the prime factors of 2820340902.
2, 3, 17, 271, 102031
What are the prime factors of 2476258624?
2, 7, 17, 347, 937
What are the prime factors of 808155976?
2, 47, 2149351
List the prime factors of 36278178.
2, 3, 6046363
What are the prime factors of 2777557166?
2, 101, 13750283
List the prime factors of 734450105.
5, 43, 3416047
List the prime factors of 64986207.
3, 11, 13, 151483
What are the prime factors of 2607933481?
2607933481
What are the prime factors of 458642345?
5, 7, 229, 57223
List the prime factors of 3269479184.
2, 227, 900187
What are the prime factors of 2802721432?
2, 7, 50048597
What are the prime factors of 1203271987?
139, 769, 11257
What are the prime factors of 711001635?
3, 5, 47400109
What are the prime factors of 251577068?
2, 62894267
List the prime factors of 40165805.
5, 8033161
List the prime factors of 74330782.
2, 47, 790753
List the prime factors of 36447668.
2, 101, 90217
What are the prime factors of 404283104?
2, 59, 214133
List the prime factors of 2260344503.
1699, 1330397
List the prime factors of 269751197.
13963, 19319
List the prime factors of 709235251.
709235251
List the prime factors of 170798916.
2, 3, 167, 85229
What are the prime factors of 195074880?
2, 3, 5, 7, 11, 13, 29
List the prime factors of 65416053.
3, 67, 325453
What are the prime factors of 2045828842?
2, 1022914421
What are the prime factors of 1439309